 = 6*a(t) - b(t). Let f = 307 - 307. List the prime factors of k(f).
7, 19
Let r = 446 - 230. Suppose 827 + r = 7*y. List the prime factors of y.
149
Let l(s) = -2*s**2 + 57*s + 448. Let z be l(35). Suppose 2*j - i - 144 = 301, -5*i = -4*j + 893. List the prime factors of j/2 + z + 2 + 1.
107
Suppose 0 = 32710*f - 32702*f - 305992. What are the prime factors of f?
23, 1663
Suppose -2*y - 6741 = -b + 1338, 0 = b + 4*y - 8085. List the prime factors of b.
8081
Suppose 3325700 = 58*w - 15*w + 97*w. List the prime factors of w.
5, 4751
What are the prime factors of 1/(1/2)*(770490/84 + -26)?
11, 1663
Suppose 3*z + 13*g = 8*g + 1217, -2*z + 3*g = -824. What are the prime factors of (-4 - -3 - -6) + z?
2, 3, 23
Suppose -151467 = -5*a + 4*x, -380*a + x - 60605 = -382*a. List the prime factors of a.
41, 739
Suppose 0 = -3*g + 3. Suppose 4*h + 4 = 0, -3*p = 3*h - 13 + g. Suppose -n + 6*n - 50 = -4*k, -p*n = k - 5. What are the prime factors of k?
3, 5
Let h(c) = 6*c**3 + 22*c**2 + 4*c - 7. Let n(t) = 5*t**3 + 20*t**2 + 5*t - 7. Let g(a) = 4*h(a) - 5*n(a). List the prime factors of g(-17).
3, 5, 107
Suppose 0 = 4*o - 4*f - 272556, -3*o + 2*f + 95594 + 108828 = 0. What are the prime factors of o?
2, 4259
Suppose -4*z = -4, -2*z + 7*z + 194128 = 3*m. What are the prime factors of m?
163, 397
What are the prime factors of -8 + 9979 + ((-2)/4 - 7/2)?
9967
Let w = 2530 + -3916. Let k = -983 - w. List the prime factors of k.
13, 31
Suppose -573*l + 571*l = -5*q - 135032, -q = -2*l + 135048. List the prime factors of l.
2, 19, 1777
Suppose -64*i = -100*i + 59004. List the prime factors of i.
11, 149
Let v = -126 - -178. Let u = v + -47. Suppose -4*m + p = -548, -2*p - 548 = -4*m - u*p. What are the prime factors of m?
137
Suppose -7*q = 15*q - 56100. Suppose 12*y = -5*y + q. List the prime factors of y.
2, 3, 5
Suppose h = -311 + 86. List the prime factors of -4 - h/54 - (-11)/6.
2
Suppose 3*w = 3*m - 17004, 4*w - 11166 = -2*m + 188. What are the prime factors of m?
53, 107
Suppose 2*u - 14 = 3*f + 3, -f = -3*u + 22. Let j(i) = 158*i - 25. What are the prime factors of j(u)?
23, 47
Let j(n) = -n**3 - 5*n**2 + 8*n + 5. Let k(o) = -o**3 - o**2 - 1. Let w(x) = j(x) + 3*k(x). List the prime factors of w(-7).
2, 463
Let r = -67097 - -96171. List the prime factors of r.
2, 14537
Let d be -26 + 11 - (-6 + 1). List the prime factors of ((-592)/d)/((-76)/(-570)).
2, 3, 37
Let n = -53 + 66. Suppose t - 224 = 3*y, -t - 11*y = -n*y - 229. List the prime factors of t.
239
Suppose 83*o = 176*o - 76*o - 899181. List the prime factors of o.
3, 653
Suppose -6*n + 2*k = -4*n - 10, -k + 11 = 3*n. Suppose -n*y + 84 = -7*y. List the prime factors of 295/(-1)*(1 + y/20).
2, 59
Let z = 43725 - 1759. Suppose 37*h - z = -3486. What are the prime factors of h?
2, 5, 13
Let v = -11 + 3. Let l be (v/(-2))/(1/21). Suppose -141 = k - 6*k - 4*r, 0 = -3*k - 3*r + l. What are the prime factors of k?
29
Let i = -10231 - -17868. What are the prime factors of i?
7, 1091
Suppose -13*x = 37 + 15. Let a be 10*x/8*(-3)/5. Suppose a*w - 3*j - 318 = 0, -2*w - 5*j + j = -218. List the prime factors of w.
107
Let f(o) = 134*o + 20. Let k be f(2). Let r = -130 + k. List the prime factors of r.
2, 79
Let w(j) = 3*j + 24. Let a be w(-10). Let m be (-15)/90 + (-751)/a. Suppose -4*k + m = -123. What are the prime factors of k?
2, 31
Let h = -14 - -19. Suppose h*d = 887 - 227. Let w = -60 + d. What are the prime factors of w?
2, 3
Suppose 3*q + 0*q + 64 = 5*m, -3*m + 27 = 2*q. Suppose m*s + 9224 = 26868. What are the prime factors of s?
2, 401
Suppose -161 = -3*h - 179. What are the prime factors of h/(-8) + 35309/68?
2, 5, 13
Let r(k) = -1059*k**3 - 3*k**2 + 21*k + 42. What are the prime factors of r(-3)?
3, 5, 11, 173
Let o = -48503 + 91177. What are the prime factors of o?
2, 19, 1123
Let o(x) = -x**3 - 4*x**2 + 6*x + 1. Let v be o(-5). Let f be (-3)/9*-22*(v - -7). Let z = f - 16. What are the prime factors of z?
2, 3
Suppose 4*x = 2*k + 19110 - 4500, 4*x = 3*k + 14607. What are the prime factors of x?
2, 3, 7, 29
Suppose 4*w = -k + 79, -1 = -w - 4*k - 0. List the prime factors of w*((-2)/(-4) + (-216)/(-16)).
2, 3, 7
Let f = -267 - -259. What are the prime factors of (-3432)/(-5) - f/(-20)?
2, 7
Suppose q + 5*o + 4526 = -13676, 3*q = 5*o - 54686. List the prime factors of q/(-21) - (-22)/77.
2, 7, 31
Suppose -2*a + 2*o + 32 = 0, -4*o + 54 = 3*a + 6. Suppose -4*f = -g - 2 - 9, 0 = -5*f + 2*g + a. List the prime factors of 65/f*24/5.
2, 3, 13
Suppose -p = o - 25156, 5*p = 5*o + 8*p - 125780. What are the prime factors of o?
2, 19, 331
Let v(s) = 26*s + 17. Let f = 113 + -107. Suppose -b - 5*a + f = 0, 1 = -b - 3*a + 7. List the prime factors of v(b).
173
Suppose -15 = -2*s - c, s + 0*c = 2*c - 5. Suppose 2*o - 840 = -13*o. What are the prime factors of 208/3 - (s + o/(-12))?
3, 23
Suppose -118*u + 2059725 = -502055. List the prime factors of u.
2, 5, 13, 167
Suppose -3*s - 578 = -4*l, -6*s + 711 = 5*l - 4*s. Suppose 0 = -8*c + l + 41. What are the prime factors of c?
23
Suppose -4*y - 72 + 68 = 0. Let x be y*(40/12 - 4)*3. Suppose -x*t - 94 = -2*k - 436, 5*t - 887 = -3*k. List the prime factors of t.
5, 7
Let i(z) = 5*z**2 + 16*z**2 - 5 - 2*z**3 - 8*z**2 + 3 + 8*z. Let w be i(7). Suppose -5*q + 90 = 5*a, -a + 40 = -w*q - 8. What are the prime factors of a?
23
Suppose -16359 - 1637 = -3*z - 2*a, 17995 = 3*z + a. What are the prime factors of z?
2, 2999
Let a(f) be the first derivative of 357*f**2/2 + 8*f + 78. List the prime factors of a(1).
5, 73
Let m(o) = 2*o**2 - 6. Let n be m(2). Suppose 7*b = n*b + 355. Let a = b + -35. List the prime factors of a.
2, 3
Let p(i) = 25*i**2 + i. Let t be p(3). Suppose -t - 86 = -2*v. Suppose 4*q = v + 671. What are the prime factors of q?
3, 23
Let x(w) = w**2 - 8*w. Let u be x(9). Suppose -u*s + 4*s = 0. Suppose -5*d + 58 = p - d, s = -2*d - 6. List the prime factors of p.
2, 5, 7
Suppose 518351 = 9*y - 104143. What are the prime factors of y?
2, 34583
Let o(n) = -478*n**3 - 3*n**2 - 6*n - 6. Let j be o(-2). Suppose -k + 3*a - 6356 = -6*k, 3*k + 4*a = j. Suppose 19*v = 9*v + k. List the prime factors of v.
127
Let n be ((-22)/(-4))/((-2)/(-28)). Let z = -4202 - -4235. Suppose 5*u + 14 = -2*v + n, -v + z = u. List the prime factors of v.
2, 17
Suppose -34*u + 85 = -17*u. Suppose -u*z = -0*n + 2*n - 2080, 3*z - 1269 = 3*n. What are the prime factors of z?
2, 11, 19
Let p = -133 + 115. Let k(i) = -48*i - 57. Let a be k(p). Suppose -a = -3*n - 96. List the prime factors of n.
3, 79
Let z(b) = b**3 - 5*b**2 - b - 5. Suppose 8*t - 25 = 3*t. Let w be z(t). What are the prime factors of (-268)/w + 28/(-35)?
2, 13
Let j = 176 - 174. Suppose -j*v + 361 = -429. What are the prime factors of v?
5, 79
Let c(o) = -o**2 + 14*o - 2. Let p be c(14). Let l(d) = 4*d**2 + 2*d - 1. Let h be l(p). Suppose 337 = -h*b + 1393. List the prime factors of b.
2, 3
Let u = 33270 + -8838. What are the prime factors of u?
2, 3, 509
Suppose 32 - 20 = 6*n. Let o be ((-12)/5)/((-32)/80). Suppose 4*l - 107 = 5*t, o*l - n*l - 114 = -2*t. List the prime factors of l.
2, 7
Let y = 750 - 747. Suppose 11*n - 6*n + 2466 = 2*l, -6184 = -5*l + y*n. What are the prime factors of l?
2, 619
Let m(k) = -5299*k - 648. List the prime factors of m(-2).
2, 5, 199
Let r(w) = -102*w + 1. Let s be r(1). Suppose -22*m - 8384 = -54*m. Let z = m + s. What are the prime factors of z?
7, 23
Let r(d) = -4877*d - 1354. List the prime factors of r(-5).
3, 853
Suppose 5*s = -d + 2*s + 25621, 0 = 4*d - 5*s - 102501. List the prime factors of d.
2, 3203
Suppose -138*j = -458713 + 13801. What are the prime factors of j?
2, 13, 31
Suppose a + 3*u + 4 = 3, 4*a = -u - 15. Let z be 0/(-1) - ((-12)/a + -235). Let w = -84 + z. List the prime factors of w.
2, 37
Let r(v) be the third derivative of v**4/8 + 139*v**3/3 - 19*v**2. What are the prime factors of r(0)?
2, 139
Suppose -54*z = -57*z - 1263. Let u = z - -696. What are the prime factors of u?
5, 11
Let g = 70 + -92. Let m(w) be the first derivative of -3*w**2/2 + 27*w + 3. List the prime factors of m(g).
3, 31
Suppose 964044 = 21*v + 93*v - 963468. What are the prime factors of v?
2, 3, 1409
Let x = -47745 + 80767. What are the prime factors of x?
2, 11, 19, 79
Let j = 105 + -624